s**3 - 2*s**2 + 6*s - 1. Let r(v) = -3*v**2 - 112*v - 841. Let y be r(-27). Give k(y).
7
Suppose 3*o - 2 + 26 = 0. Let d(x) be the second derivative of x**3/6 + 9*x**2 - 961*x - 50. What is d(o)?
10
Let j(l) = -16 - 9*l - l**2 - 10 - 19 + 53 - 21. Suppose 4*d - 2*d + 12 = 0. Calculate j(d).
5
Let l = 171 - 168. Let r(f) = 27*f - 2. What is r(l)?
79
Let y(u) = 24269*u - 4 - 48542*u + 24272*u. Determine y(5).
-9
Let b(r) = r**2 - 79*r + 1212. Let k be b(21). Let u(s) = 7*s + 51. Determine u(k).
9
Let j(r) = 7*r + 3. Suppose 5*z + 3*x - 16 = 0, 0 = -10*x + 7*x + 6. Suppose -z*n + 9*y = 6*y + 19, 4*y - 14 = -3*n. Calculate j(n).
-11
Let w(y) = 94 - 2576*y + 1285*y + 1281*y. Calculate w(10).
-6
Let k(v) be the third derivative of v**7/2520 - v**6/360 - v**5/20 + v**4/8 - 192*v**2 + 1. Let t(f) be the third derivative of k(f). What is t(9)?
16
Let a(d) = 11*d - 248. Let h be (2/(-12)*3)/(-6 + (-2367)/(-396)). What is a(h)?
-6
Suppose -558*f = -562*f + 28, 3*p - 1 = 2*f. Let b(d) = -3*d - 25. What is b(p)?
-40
Suppose 5*c + 94 = 109. Suppose c*i + 9 - 13 = 4*s, -10 = -4*i + 3*s. Let y(d) = 8*d + 2. Determine y(i).
34
Suppose 4*a = 2*k + 28, a - 3*a = 2*k - 8. Let t be 56/42 - 44/a. Let u(n) = -n - 3. Give u(t).
3
Let l(z) = 3*z**2 + 2*z - 7. Suppose 4 = -2*b, -3*s - 3*b - 4 = -b. What is l(s)?
-7
Let i(d) = -6 - 5*d - 2052*d**2 + 7*d**3 + 2060*d**2 - 5*d**3. Let c(y) = -2*y**3 - 9*y**2 + 6*y + 7. Let b(w) = 4*c(w) + 5*i(w). What is b(-3)?
-17
Suppose -4*n + 46 = -3*p, -2*p = -3*n + p + 36. Let b be 4*(62/40 + (-8)/n). Let s(r) = -r**3 + r**2 + 4*r - 2. What is s(b)?
-8
Let y = -745 - -752. Let n(i) = -32*i**2 + y*i - 6*i + 51*i**2 - 23*i**2. Calculate n(-1).
-5
Suppose 6*u = 5*y + u + 10, -4*y + 2 = -2*u. Let l(t) = -3*t + 2*t + 1 + y*t + 0*t. Let o = -5190 + 5194. Determine l(o).
9
Let l(k) = 23*k - 7. Let q be (43 - (-3649)/(-82))*(-1 - 1). What is l(q)?
62
Let c(j) = 5*j**3 - 3*j**2 - 35*j - 25. Let v(n) = -n**3 + n**2 + 7*n + 5. Let z be 64/480 - (-326)/30. Let l(x) = z*v(x) + 2*c(x). Give l(6).
11
Let m = -238 - -252. Suppose 16*o + m + 34 = 0. Let n(w) = 3*w + 5. Give n(o).
-4
Let d(z) = z**3 - z + 4. Let k = 7 + -1. Suppose -45 = -5*w - 5*u, 87*u + 30 = 3*w + 91*u. Let v = k - w. Determine d(v).
4
Let x(v) = -23*v - 512. Suppose -128 = 4*s - 5*i, -4*i + 60 - 116 = 4*s. Calculate x(s).
-6
Let g(i) = -87*i + 254. Let j(n) = -17*n + 46. Let w(f) = 2*g(f) - 11*j(f). Give w(0).
2
Let h(b) = -13*b**3 + 16*b - 57. Let x(j) = 7*j**3 - 9*j + 31. Let v(c) = -6*h(c) - 11*x(c). What is v(0)?
1
Let a(o) = 5*o + 9. Suppose -18 = -h - 14. Let v(p) = -6*p - 8. Let q(d) = h*v(d) + 5*a(d). Give q(-7).
6
Let l(f) be the second derivative of -f**3/6 + 2*f**2 - 26*f. Let k be l(1). Let m(x) = 7*x + 8*x - k - 18*x. Give m(-4).
9
Let n(v) = -v**3 - 7*v**2 + 8*v - 3. Let x = 1256 - 1246. Let s(j) = j**2 + 4*j - 4. Let y be s(-6). Suppose -x*r + 9*r = y. Give n(r).
-3
Suppose 191 = 3*s - 2*s - 4*r, -r = -5*s + 860. Let h(i) be the first derivative of -i + 186 - i**4 + 0*i**2 + i**2 - i**4 - s. What is h(1)?
-7
Let d(j) = -36*j**2 - j. Let z be 12/(1*(-12)/18). Let u be 7 - 1/((-3)/z). Calculate d(u).
-37
Let u(p) = p - 21. Let b be 3/(-2) + 169/26. Suppose -b*m - 10*m = 0. Determine u(m).
-21
Let t(l) = -l**3 + l**2 + l. Suppose 0 = 5*i - 0*i - 15. Let s(h) = -3*h**2 - 7 + 4*h**2 + 15*h + 7*h**2 - 2*h**i - 5*h. Let n(a) = s(a) - t(a). Determine n(8).
1
Let t(u) = -3*u**2 - 18*u + 54. Let c(f) = -f**2 - 5*f + 17. Let h(v) = 7*c(v) - 2*t(v). Determine h(5).
-9
Let l = 248/13 - 979/52. Let p(o) be the third derivative of -1/120*o**6 - 7/6*o**3 + 0 + 7/60*o**5 - 12*o**2 - l*o**4 + 0*o. Calculate p(6).
-7
Let k be (18/54)/(19/18 - 1). Let y(u) = 104 - k*u - 95 + u. What is y(7)?
-26
Let o(k) = 3 + 1 - k + 8 - 4. Suppose -3*z + 16 = -2*z + j, -3*z = -3*j - 24. Determine o(z).
-4
Suppose 3*i - 4 - 2 = 0. Let d(w) = 3 - 3 + i*w + 1. Suppose -165*h = 1435*h + 5629 - 1160 + 1931. Calculate d(h).
-7
Let h(j) = 3*j + 10. Let n(o) = -3*o - 10. Let t(b) = -3*h(b) - 4*n(b). Let u = 50 + -43. Give t(u).
31
Let y(i) be the second derivative of i**3/2 + 7*i**2 - 4484*i. Let u(b) = b**2 - 10*b + 9. Let w be u(8). Give y(w).
-7
Let z(p) = 11*p**3 - 12*p**3 + 18*p - 3*p**2 - 29*p + 9*p. Let x be z(-2). Let w(l) = l**2 + l + 5. What is w(x)?
5
Let j(k) = -12*k - 463. Let d(r) = 7*r + 264. Let x(y) = 7*d(y) + 4*j(y). What is x(-30)?
-34
Let i = -121 + 164. Suppose 8*j - 3 + i = 0. Let r(h) be the first derivative of -h**3/3 - 2*h**2 + 2*h - 9. Calculate r(j).
-3
Suppose 2*x - 46 = 5*q - 13, -4*x + 1 = 3*q. Suppose 18 = -2*h - x*z, 3*h - z + 23 = -2*h. Let v(w) = -2*w - 5. Calculate v(h).
5
Let k(d) = d**3 - 4*d**2 - 4*d + 1. Let v be k(5). Let i be 68/(-51)*v/(-4). Let m be (3 - 4)*(-1 + i). Let w(o) = 3*o**3 - 2*o**2 + 1. What is w(m)?
-4
Let r(b) = -39*b**3 - 153*b**2 + 7*b - 5. Let z be r(-4). Let h(s) = 2*s**2 - 34*s + 56. What is h(z)?
-4
Suppose 21 = 138*t - 73*t - 72*t. Let x(g) = -7*g**2 + g + 3. What is x(t)?
-63
Let i(o) be the third derivative of -o**5/60 + o**4/12 + 17*o**3/3 + 4*o**2 - 89. Determine i(7).
-1
Let u = -230 + 310. Let p be (5/3)/(u/192). Let v(n) = 3*n - 3. What is v(p)?
9
Let r(v) = -15*v - 3. Let u(b) = 17*b + 3. Let p(h) = -7*r(h) - 6*u(h). Suppose -x = 5*x + 12. Calculate p(x).
-3
Let q(z) = -9*z**3 - 11*z**2 + 8*z + 81. Let k(m) = 4*m**3 - 3*m**2 - m - 1. Let h(b) = 2*k(b) + q(b). Calculate h(-17).
-23
Let v be (3*4)/(-3) + (115 - 9). Let j be 12/v - 140/34. Let g(i) be the first derivative of -2*i**3/3 - 5*i**2/2 - 6*i - 20. Calculate g(j).
-18
Suppose 0 = -2*j + 3*m - 7, 7*j - 3*m + 4 = 2*j. Suppose 0 = -2*n - 25 + 29. Let p(h) = -6*h**n - 22*h**2 + 3*h**2 + 8*h**2 + 1. Determine p(j).
-16
Let l(g) = g**2 - 9*g + 28. Let c = 325 + -318. Calculate l(c).
14
Let u(g) = 3*g - 13. Let h = 4227 + -4234. What is u(h)?
-34
Let c(a) be the third derivative of 38*a**2 + 0*a - 2 - 1/3*a**4 + 2/3*a**3 + 1/10*a**5 + 1/120*a**6. Calculate c(-7).
11
Let k(m) = 7*m - m**2 - 148230 + 296450 - 148225. Let h = 14 + -9. Suppose -5*f + 20 = -h. Determine k(f).
5
Let g = 65 - 65. Suppose x + 2 = g, 0 = 2*l - 3*x - 0 - 10. Suppose l*p + 0 - 16 = 0. Let w(j) = 2*j - 1. Determine w(p).
15
Suppose 4*t = -20, -3*w + 5*t = 2*w - 70. Let m(i) = -92 - 76 - 88 - 2*i + 275. Determine m(w).
1
Let o(d) = 21*d + 11*d + 15*d. Suppose -155*s - 58 = -97*s. What is o(s)?
-47
Suppose 4*l - 10 - 6 = 0. Let h = -2 + l. Let s(p) = -2*p**2 - 6*p + 3. Let z(c) = 10*c**2 + 32*c - 16. Let v(d) = 11*s(d) + 2*z(d). Calculate v(h).
-11
Let w(o) = 2*o**2 - 5*o. Let c = 39 - 34. Suppose -3*f = -4*v + 21, 2*v - c*v - f + 6 = 0. Suppose 2*i = v*x + 20, -2*x = -i + 3*x + 24. Give w(i).
12
Let d(m) = m - 5. Let z(n) be the first derivative of -2*n**2 + 63*n - 94. Let k be z(14). Determine d(k).
2
Suppose -55*i + 34 = -241. Let d = 1 - 2. Let y be 1*(d/i + (-9)/5). Let u(p) = -2*p - 1. Give u(y).
3
Let f(k) = 12*k + 25. Let w = -25161 - -25157. Calculate f(w).
-23
Let t(j) = j**3 - 8*j**2 + 20*j - 4. Let u(v) = -2*v**2 - 68*v + 4. Let k be u(-34). Determine t(k).
12
Let t(b) = 28*b**2 + 5455*b - 970. Let l be t(-195). Let i(v) = -v**2 - v - 1. Let m(s) = 2*s**2 - 4*s + 6. Let a(o) = i(o) + m(o). What is a(l)?
5
Let q(z) = -z**2 + z - 4. Suppose 5*c - 5 = -5*g, -2 = -3*c + 10. Let f = g + 23. Suppose -a + 17 = f. What is q(a)?
-16
Suppose 76 - 47 = 4*k + 5*h, -k - h = -6. Let p(v) = -v**3 - v**2 - 2*v + 2. Let n(f) = -5*f**3 - 10*f**2 - 7*f + 10. Let c(z) = k*n(z) - 4*p(z). Give c(-6).
-4
Let x(d) = -d**2 + 7*d + 3. Let z = -314 + 981. Let p = z - 661. Calculate x(p).
9
Let k be 15*(161/(-21) + 8). Let n(f) = -2*f - 5*f + 0*f - k*f + 9*f. Calculate n(-1).
3
Let f = -34 - -55. Let i(o) = 26 - 4*o - f + o. Suppose -9*j - 19 + 64 = 0. Calculate i(j).
-10
Let z(o) = -o**3 + 7*o**2 - 10*o - 11. Let y be z(4). Let u(m) = -4*m**2 - m + 3. Calculate u(y).
-30
Let d(y) = -7*y - 8. Let s(n) = -n - 1. Let j = -120 + 126. Let m(i) = j*d(i) - 39*s(i). Determine m(-7).
12
Let g(r) = r**3 - 12*r**2 + 15*r + 30. Let s be g(11). Let w(z) = z**3 + 71 + s - 147 + 5*z**2 + 4*z. What is w(-4)?
-2
Let i(h) be the second derivative of 3*h**3/2 + 265*h**2/2 + 157*h - 5. Calculate i(-29).
4
Let a(p) = p**3 - 9*p**2 + p - 14. Let x = 